7*x**2 + 5*x**3 + 1 + x - 3 + 8*x**2. Calculate w(s).
-4
Let j(n) = 4*n**2 + 2*n - 2. Let q = -2758 - -2761. Calculate j(q).
40
Let h be 2 + -6 + (-40)/(-4). Let m(k) = -k**3 + 4*k**2 + 14*k - 3. Give m(h).
9
Let b be (0 + 3)*24/9. Let h be 6/4 - 60/b. Let r(v) be the third derivative of v**4/12 + 7*v**3/6 + v**2 - 342. What is r(h)?
-5
Let q(b) be the first derivative of -b**3/3 + 11*b**2/2 + 20*b + 606. Determine q(14).
-22
Let t(k) = -k**3 + 15*k**2 + 32*k + 30. Let x be 21*20/30 + 3. Calculate t(x).
-4
Let t(a) = a**3 - 3*a**2 - 10*a - 3. Suppose -5*y + 2*v = 375 - 391, 0 = -y - 2*v + 20. Give t(y).
45
Let m(a) be the second derivative of -a**4/12 + 3*a**3 + 5*a**2/2 - 324*a. What is m(18)?
5
Suppose -2*l + 5 = -3. Let h(y) be the second derivative of -12*y + 1/20*y**5 + 1/6*y**3 + 0 - 2*y**2 - 1/3*y**4. What is h(l)?
0
Suppose -154*n + 159*n = 55. Let x(t) = -7*t**3 + 11*t**2 - 4*t + 12. Let f(o) = -19*o**3 + 32*o**2 - 12*o + 35. Let l(i) = n*x(i) - 4*f(i). Determine l(-8).
24
Let r = 7200 - 7209. Let t(d) = -d**2 - 11*d - 17. What is t(r)?
1
Let u(i) = 3*i**3 - 5*i**2 - i + 14. Let s(b) = b**3 - b + 1. Let y(t) = -4*s(t) + u(t). Give y(-5).
-5
Let a(v) = -6*v + 35. Let w(n) = -4*n + 1. Let i(k) = 2*a(k) - 4*w(k). Let b be i(-17). Let s(j) = 2*j**3 - 2*j**2 + 3*j**2 - j**3 - 2*j. Determine s(b).
0
Let k(s) = -s**3 - 7*s**2 - 8*s - 2. Let y(b) = 576*b - 7. Let i be y(0). Give k(i).
54
Let h(k) = 6*k**2 - 114*k - 120. Let m be h(20). Let v(p) = -p**3 - 3*p + 117. Give v(m).
117
Let t(k) = -9*k + 0*k**3 - 20 + 0*k**3 + 5 - k**3 + 9*k**2 + 21*k. Suppose 5*c - 87 + 37 = 0. Calculate t(c).
5
Let u(w) = -12*w**2 + 4 + 6*w**2 + 4*w**3 - 89*w + 92*w - 5*w**3 - 3. Let v(t) = -2*t + 5. Let a be v(6). Determine u(a).
29
Let p = 109 - 77. Let j = p - 29. Let q(i) = 2*i**3 + 2 + 7*i**j - 4*i**2 - 2*i - 8*i**3 + 0*i. Determine q(3).
-13
Suppose 5*n = 340 + 90. Suppose 74 = l - 4*s, -4*l = -10*s + 12*s - 332. Let o = n - l. Let u(i) = -i**2 + 5*i - 5. Calculate u(o).
-1
Let s(k) = -28*k - 18. Suppose -91 = 4*h - 13*i, 0 = 87*i - 84*i - 21. What is s(h)?
-18
Let l(x) be the second derivative of -x**5/20 - 2*x**4/3 - 7*x**3/6 - x**2/2 + 46*x. Let s = -349 - -342. Give l(s).
-1
Let j(r) = 15*r + 540. Let b(y) = 2*y + 77. Let d(g) = -27*b(g) + 4*j(g). Determine d(-15).
-9
Let q(o) = o**3 - 5*o**2 + 3*o - 3. Let w be (0*(3 + -2))/1. Suppose -24 = 2*j - 2*p, -2*j - 36 = p - 5*p. Let y be 3/j + ((-21)/(-6) - w). Determine q(y).
-12
Let n(y) be the third derivative of -y**6/120 - 7*y**5/30 + 4*y**3/3 - 35*y**2 - 6*y. Determine n(-14).
8
Let n(q) be the second derivative of q**5/20 + 5*q**4/3 + q**3/6 + 9*q**2/2 - 9*q. Let l be (-24)/12*(-3)/2 - (-12 - -35). Determine n(l).
-11
Suppose 5*p + 2 = a + 4*p, -2*p + 4 = 0. Let n(w) = -2*w + 0*w + 4*w**3 - 2*w - 3*w**3 - a*w**2. What is n(5)?
5
Let v be 4/2 + 69*(-4)/(-6). Suppose 0*b = -12*b + v. Suppose -5*d - 1 = -h + 8, b = h. Let k(s) = 8*s**3 + 1. Calculate k(d).
-7
Let j(p) = -2*p**2 + 977*p + 4931. Let l be j(-5). Let f(d) = 3*d**2 + 5*d. Let k(a) = a**2 - a - 1. Let r(g) = -f(g) + 2*k(g). Determine r(l).
10
Let p be ((-18)/(-18))/(3/(-6)) - -189. Let u = -181 + p. Let y(a) be the first derivative of -a**2/2 + 5*a - 1. Calculate y(u).
-1
Let b be (-12000)/288 + (-24)/(-9). Let x(d) = -8*d - 315. What is x(b)?
-3
Let i(j) = -j**3 - 22*j**2 + 28*j + 117. Let c be i(-23). Let s(u) = 3 + u**3 - 6 - 7*u**c - 1. Calculate s(7).
-4
Let v(x) = 2*x - 9. Let g(k) = k**3 - 4*k**2 - 3*k - 17. Let h be g(7). Let s = -101 + h. Calculate v(s).
7
Suppose 4*y = -5*i - 30, 30 = -5*i + y - 2*y. Let q(k) = k - 1. Let u be 5/10*-6*-1. Let c(t) = -t. Let z(n) = u*q(n) + 5*c(n). Give z(i).
9
Let q(o) = 2 - 10*o**2 + 4506*o**3 - 13 - 5*o - 12*o - 4507*o**3. What is q(-8)?
-3
Let r(j) = -j**2 - 10*j - 17. Let v be r(-7). Let y(g) = 6*g - 56 - 40 + 94 + g**3 - 5*g**2. Give y(v).
6
Let r(s) be the first derivative of -11*s**3/3 + s**2 - 4*s + 183. Give r(2).
-44
Let m(w) = 9*w**2 + 8*w + 1. Let b(y) = -10*y**2 - 9*y - 1. Let q(p) = -3*b(p) - 4*m(p). Calculate q(-1).
-2
Let u(k) = -k**3 + 6*k - 9. Let v be 1 + (-130)/(-10) - 12. Calculate u(v).
-5
Suppose -3 = -2*a - 1. Let o be (a/(-1))/((-4)/8). Let p be 4/(1/(-2)*o). Let b(c) = c + 3. What is b(p)?
-1
Let j(u) = u**2 + 10*u + 4. Suppose -4*q + 22 = 10*z - 12*z, 0 = 5*q - 2*z - 27. Suppose 5*w = o + 31, -q*w + 45 = -3*o + 2. Determine j(o).
-20
Let l(c) be the third derivative of c**6/120 - c**5/5 + 23*c**4/24 - 13*c**3/6 + 1576*c**2 + c. Calculate l(9).
-49
Let b(g) = 59*g - 464. Suppose 13*x + 89*x = 816. Give b(x).
8
Let r(b) = -12*b - 118. Let f be r(-10). Suppose -f = -c - c, 2*n = -c + 25. Let p(w) = -w**2 + 11*w + 9. Determine p(n).
-3
Let x = -52 + 52. Suppose -3*s - b + 12 = x, -4*s + 2*s = 3*b - 8. Suppose -3*j = s*j + 42. Let z(d) = d**3 + 5*d**2 - 7*d + 5. Give z(j).
11
Let j(n) = -1376 - n + n**3 + 681 + 674 + 5*n**2. What is j(-4)?
-1
Let r(v) = 2. Let o(d) = -3*d**3 + 29. Let p(i) = -o(i) + 3*r(i). Let n(k) be the first derivative of p(k). Calculate n(1).
9
Let p be (12/(-10) + 0)*(-80)/48. Let r(o) = 3 + 0 - o**p - 3*o + 0 + 2. Let a = 2 - 6. What is r(a)?
1
Let z(q) = 9*q + 93. Let f be (-22)/(8 - 7 - -1). What is z(f)?
-6
Let f(g) be the first derivative of g**4/4 - 3*g**3 + 13*g**2/2 + 4*g - 3801. Determine f(7).
-3
Let s(u) = 8*u**2 - 19*u**2 + 1 + 0*u**2 + 10*u**2 + 3*u - 6*u**3 + 5*u**3. Determine s(-2).
-1
Let c(w) = -w**3 + 4*w**2 - 4*w + 51. Let g(v) = -v**3 + 6*v**2 + v - 25. Let o be g(5). Calculate c(o).
6
Let t(b) be the second derivative of -b**5/20 + 19*b**4/12 + 5*b**3/2 + 46*b**2 + 5368*b. Calculate t(20).
-8
Let u(o) be the first derivative of o**3/3 + 11*o**2 - 76*o + 2276. Give u(-25).
-1
Let x(z) = 9*z**3 - 11*z**2 + 11*z - 2. Let h(w) = -5*w**3 + 6*w**2 - 6*w + 1. Let b(n) = 7*n + 6. Let p be b(0). Let f(d) = p*x(d) + 11*h(d). What is f(-1)?
0
Let g(n) be the first derivative of n**4/24 - n**3/6 + 3*n**2 + 2*n + 90. Let i(j) be the second derivative of g(j). Determine i(3).
2
Suppose 9*x - 39 = 321. Let v(l) = -l**3 + 41*l**2 - 43*l + 115. Let a be v(x). Let z(n) = -2*n + 4. Determine z(a).
14
Let l(f) = 34 + 2*f**2 + 20 - f**2 - 41 + f + 0*f**2. Let n(o) = 2*o**2 + 2*o + 28. Let k(g) = 7*l(g) - 3*n(g). Let q = 2 - 2. Determine k(q).
7
Suppose -12*u - 20*u + 230*u = 2376. Let i(s) = -4*s + 40. Give i(u).
-8
Let d(z) be the first derivative of -4*z**3/3 - 4*z**2 + 4*z - 26. Let t be d(-3). Let a(l) = l**2 + 6*l - 9. What is a(t)?
7
Let g = -262 + 694. Let h = -437 + g. Let i(x) = -2 - 3 + 0 - 4*x. What is i(h)?
15
Let s = -46 + 127. Suppose s*c = 85*c. Let b(h) = -h - 41. Determine b(c).
-41
Let i(o) = 4*o**2 + 2. Let v(t) = -6*t**2 + 13*t - 38. Let w(z) = -2*i(z) - v(z). Calculate w(-8).
10
Let k(r) = -r**2 + 38*r + 6. Let p be k(0). Let x(o) = 42*o**2 - o**3 - 88*o**2 + 39*o**2 - p. Determine x(-7).
-6
Let u(x) = x**3 + 12*x**2 - 15*x - 13. Let w(n) be the third derivative of n**6/120 - n**5/10 + n**4/6 - 5*n**3/6 - 69*n**2. Let s be w(2). Give u(s).
13
Let r(p) = 24*p - 3. Let x be r(-2). Let g = x + 54. Let h(j) = -2*j + 5. What is h(g)?
-1
Let l(c) = 2*c**2 - 15*c - 8. Let w(u) = u**3 - 75*u**2 + 2*u - 143. Let b be w(75). Calculate l(b).
-15
Let n(y) = 3*y + 5. Let w = -91 - -166. Suppose 367*t = 354*t + 949. Suppose -w*i = -t*i + 8. Give n(i).
-7
Let t(j) be the second derivative of j**8/6720 - j**7/420 + j**6/360 + j**5/24 - 11*j**4/4 + 28*j. Let m(y) be the third derivative of t(y). Give m(5).
-10
Let b(j) be the third derivative of j**7/1260 + j**5/15 + 7*j**2. Let v(l) be the third derivative of b(l). Let y be (-15)/20 - (-3)/(-12). Determine v(y).
-4
Let b(h) be the first derivative of h**2/2 - 15*h + 8817. Calculate b(9).
-6
Let z(s) = 2*s**2 - 6*s - 6. Let y be z(4). Let q(x) = 1 + 2 + 77*x**2 + 3*x - 78*x**y. Let r(l) = -4*l**3 - l. Let o be r(-1). Determine q(o).
-7
Let q(f) = f - 4. Let j be q(5). Let p(s) = 5*s**3 + 2*s**2 + 3*s + 2. Let y(c) = 45*c**3 + 20*c**2 + 28*c + 19. Let a(u) = 19*p(u) - 2*y(u). Give a(j).
4
Let z = -109 - -98. Let l = 16 + z. Let g(h) = -3*h - 5. Give g(l).
-20
Let f(p) = 9*p - 3. Suppose 85*x - 94 = 38*x. Give f(x).
15
Let z(d) = -6*d - 12. Let v be z(0). Let f(t) = 5*t**2 + 8*t + 8. Let x(i) = -9*i**